{"id":1344,"date":"2021-06-16T08:23:50","date_gmt":"2021-06-16T08:23:50","guid":{"rendered":"https:\/\/www.hepic-hub.org\/lopd\/"},"modified":"2021-06-16T08:24:07","modified_gmt":"2021-06-16T08:24:07","slug":"lopd","status":"publish","type":"page","link":"https:\/\/www.hepic-hub.org\/oc\/lopd\/","title":{"rendered":"LOPD"},"content":{"rendered":"\n<p><strong>CLAUSULA INFORMATIVA<\/strong><\/p>\n\n<p>De conformitat amb el Reglament 2016\/679 i la llei 3\/2018, de protecci\u00f3 de dades personals i de garantia dels drets digitals el Conselh Generau d\u2019Aran us informa com a responsable del tractament de les dades personals contingudes en aquest formulari i tamb\u00e9 de les dades personals que ens faciliti en el futur.<\/p>\n\n<p>1.- RESPONSABLE DEL TRACTAMENT<\/p>\n\n<p>Conselh Generau d\u2019Aran, amb domicili a Pla\u00e7a d\u2019Aran 1-2 de Vielha, tel\u00e8fon 973641801 i correu electr\u00f2nic\u00a0<a href=\"mailto:dpd@aran.org\">dpd@aran.org<\/a>:<\/p>\n\n<p>2.- DELEGAT DE PROTECCI\u00d3 DE DADES<\/p>\n\n<p>Les dades de contacte del DPD son\u00a0<a href=\"mailto:dpd@aran.org\">dpd@aran.org<\/a><\/p>\n\n<p>3.- FINALITAT DEL TRACTAMENT:\u00a0<\/p>\n\n<p>a.- La finalitat contractual: Establir i executar la relaci\u00f3 jur\u00eddica amb l&rsquo;usuari consistent en l&rsquo;alta i \u00fas a la plataforma Microsoft Teams, donar acc\u00e9s a l&rsquo;usuari sobre informaci\u00f3 relativa als serveis, productes, esdeveniments i \/ o promocions relacionats amb H\u00e8Pic i la creaci\u00f3 d\u00b4un mapa de talent i de projectes del sector empresarial, aix\u00ed com respondre als dubtes o preguntes de l&rsquo;usuari i dur a terme la gesti\u00f3, control, administraci\u00f3, ampliaci\u00f3, execuci\u00f3 i millora de la relaci\u00f3 establerta.<\/p>\n\n<p>b.- la finalitat publicit\u00e0ria: Les dades es tractaran amb finalitat publicit\u00e0ria per enviar-li publicitat per qualsevol mitj\u00e0, incl\u00f2s el correu electr\u00f2nic, el sms, mms, el tel\u00e8fon o mitjans equivalents, dels productes i \/ o serveis del responsable relacionats amb les informacions, sessions, xerrades i formacions que presta el responsable relacionats amb H\u00e8Pic. Si desitja que les seves dades personals siguin tractades amb finalitat publicit\u00e0ria, presti el seu consentiment expr\u00e9s marcant la casella assenyalada en el formulari de registre.<\/p>\n\n<p>4.- BASE JUR\u00cdDICA DEL TRACTAMENT:\u00a0<\/p>\n\n<p>L&rsquo;execuci\u00f3 del contracte i el consentiment expr\u00e9s, en el sup\u00f2sit del tractament amb finalitats publicit\u00e0ria<\/p>\n\n<p>5.- PROCED\u00c8NCIA: el Formulari de H\u00e8Pic i dades d\u2019acc\u00e9s p\u00fablic.<\/p>\n\n<p>6.- CATEGORIES DE DADES PERSONALS: Nom, email, sector de treball i dades de l\u2019empresa d\u2019acc\u00e9s p\u00fablic.<\/p>\n\n<p>7.- CESIONS DE DADES<\/p>\n\n<p>En general, el responsable no cedir\u00e0 dades personals a tercers, llevat que concorri una obligaci\u00f3 legal o que tinguem el consentiment expr\u00e9s de l&rsquo;interessat. Espec\u00edficament, les dades personals podran ser cedides a:<\/p>\n\n<p>a.- Administracions P\u00fabliques, Jutges i Tribunals per al compliment de les obligacions legals a les quals el responsable est\u00e0 subjecte per la seva activitat.<\/p>\n\n<p>b.- A tercers en tots aquells casos en qu\u00e8 sigui necessari per al desenvolupament, compliment, execuci\u00f3 i control del contracte entre el responsable i l&rsquo;interessat.<\/p>\n\n<p>c.- Als encarregats de tractament, acc\u00e9s que en cap cas suposar\u00e0 una cessi\u00f3 de dades, quan sigui necessari accedir a les seves dades personals per a la prestaci\u00f3 dels serveis que el responsable hagi contractat amb aquests encarregats, i amb els quals t\u00e9 subscrits 1 contracte d&rsquo;encarregat de tractament.<\/p>\n\n<p>8.- TRANSFERENCIES INTERNACIONALS<\/p>\n\n<p>No estan previstes.<\/p>\n\n<p>9.- MESURES DE SEGURETAT: Les mesures de seguretat implantades corresponen a les establertes en la pol\u00edtica de seguretat, d&rsquo;acord el Reial Decret 3\/2010, de 8 de gener, pel qual es regula l&rsquo;Esquema Nacional de Seguretat (ENS) en l&rsquo;\u00e0mbit de l&rsquo;Administraci\u00f3 Electr\u00f2nica<\/p>\n\n<p>10.- TERMINI DE CONSERVACI\u00d3 DE LES DADES<\/p>\n\n<p>El responsable tractar\u00e0 les dades personals \u00fanicament durant el temps necessari per a la realitzaci\u00f3 de les finalitats per a les quals van ser recollits, mentre no es revoqui el consentiment. Un cop finalitzada la relaci\u00f3, es mantindr\u00e0 la informaci\u00f3 bloquejada pels terminis legalment establerts que siguin necessaris per a la formulaci\u00f3, l&rsquo;exercici o la defensa de possibles reclamacions i posteriorment es procedir\u00e0 a la seva supressi\u00f3, llevat que concorri una causa de conservaci\u00f3.<\/p>\n\n<p>11.- DRETS: L&rsquo;interessat podr\u00e0 exercitar els drets d&rsquo;acc\u00e9s, rectificaci\u00f3, supressi\u00f3, a sol\u00b7licitar que es limiti el tractament de les seves dades personals, a oposar-se a el tractament, a sol\u00b7licitar la portabilitat, a no ser objecte de decisions individuals automatitzades i a revocar el consentiment prestat sense efectes retroactius, remetent una comunicaci\u00f3 per escrit al domicili del responsable, aportant el DNI o document oficial acreditatiu de la identitat de l&rsquo;interessat i davant del Delegat de Protecci\u00f3 de dades personals\u00a0<a href=\"mailto:dpd@aran.org\">dpd@aran.org<\/a><\/p>\n\n<p>Aix\u00ed mateix pot presentar una reclamaci\u00f3 davant l&rsquo;Autoritat Catalana de Protecci\u00f3 de Dades a trav\u00e9s de la seva seu electr\u00f2nica a\u00a0<a href=\"http:\/\/www.apd.cat\/\">www.apd.cat<\/a><\/p>\n","protected":false},"excerpt":{"rendered":"<p>CLAUSULA INFORMATIVA De conformitat amb el Reglament 2016\/679 i la llei 3\/2018, de protecci\u00f3 de dades personals i de garantia dels drets digitals el Conselh Generau d\u2019Aran us informa com&#8230;<\/p>\n","protected":false},"author":6,"featured_media":0,"parent":0,"menu_order":0,"comment_status":"closed","ping_status":"closed","template":"","meta":{"inline_featured_image":false,"footnotes":""},"class_list":["post-1344","page","type-page","status-publish","hentry"],"_links":{"self":[{"href":"https:\/\/www.hepic-hub.org\/oc\/wp-json\/wp\/v2\/pages\/1344","targetHints":{"allow":["GET"]}}],"collection":[{"href":"https:\/\/www.hepic-hub.org\/oc\/wp-json\/wp\/v2\/pages"}],"about":[{"href":"https:\/\/www.hepic-hub.org\/oc\/wp-json\/wp\/v2\/types\/page"}],"author":[{"embeddable":true,"href":"https:\/\/www.hepic-hub.org\/oc\/wp-json\/wp\/v2\/users\/6"}],"replies":[{"embeddable":true,"href":"https:\/\/www.hepic-hub.org\/oc\/wp-json\/wp\/v2\/comments?post=1344"}],"version-history":[{"count":1,"href":"https:\/\/www.hepic-hub.org\/oc\/wp-json\/wp\/v2\/pages\/1344\/revisions"}],"predecessor-version":[{"id":1345,"href":"https:\/\/www.hepic-hub.org\/oc\/wp-json\/wp\/v2\/pages\/1344\/revisions\/1345"}],"wp:attachment":[{"href":"https:\/\/www.hepic-hub.org\/oc\/wp-json\/wp\/v2\/media?parent=1344"}],"curies":[{"name":"wp","href":"https:\/\/api.w.org\/{rel}","templated":true}]}}

<p><strong>CLAUSULA INFORMATIVA</strong></p>

<p>De conformitat amb el Reglament 2016/679 i la llei 3/2018, de protecció de dades personals i de garantia dels drets digitals el Conselh Generau d’Aran us informa com a responsable del tractament de les dades personals contingudes en aquest formulari i també de les dades personals que ens faciliti en el futur.</p>

<p>1.- RESPONSABLE DEL TRACTAMENT</p>

<p>Conselh Generau d’Aran, amb domicili a Plaça d’Aran 1-2 de Vielha, telèfon 973641801 i correu electrònic <a href="mailto:dpd@aran.org">dpd@aran.org</a>:</p>

<p>2.- DELEGAT DE PROTECCIÓ DE DADES</p>

<p>Les dades de contacte del DPD son <a href="mailto:dpd@aran.org">dpd@aran.org</a></p>

<p>3.- FINALITAT DEL TRACTAMENT: </p>

<p>a.- La finalitat contractual: Establir i executar la relació jurídica amb l&rsquo;usuari consistent en l&rsquo;alta i ús a la plataforma Microsoft Teams, donar accés a l&rsquo;usuari sobre informació relativa als serveis, productes, esdeveniments i / o promocions relacionats amb HèPic i la creació d´un mapa de talent i de projectes del sector empresarial, així com respondre als dubtes o preguntes de l&rsquo;usuari i dur a terme la gestió, control, administració, ampliació, execució i millora de la relació establerta.</p>

<p>b.- la finalitat publicitària: Les dades es tractaran amb finalitat publicitària per enviar-li publicitat per qualsevol mitjà, inclòs el correu electrònic, el sms, mms, el telèfon o mitjans equivalents, dels productes i / o serveis del responsable relacionats amb les informacions, sessions, xerrades i formacions que presta el responsable relacionats amb HèPic. Si desitja que les seves dades personals siguin tractades amb finalitat publicitària, presti el seu consentiment exprés marcant la casella assenyalada en el formulari de registre.</p>

<p>4.- BASE JURÍDICA DEL TRACTAMENT: </p>

<p>L&rsquo;execució del contracte i el consentiment exprés, en el supòsit del tractament amb finalitats publicitària</p>

<p>5.- PROCEDÈNCIA: el Formulari de HèPic i dades d’accés públic.</p>

<p>6.- CATEGORIES DE DADES PERSONALS: Nom, email, sector de treball i dades de l’empresa d’accés públic.</p>

<p>7.- CESIONS DE DADES</p>

<p>En general, el responsable no cedirà dades personals a tercers, llevat que concorri una obligació legal o que tinguem el consentiment exprés de l&rsquo;interessat. Específicament, les dades personals podran ser cedides a:</p>

<p>a.- Administracions Públiques, Jutges i Tribunals per al compliment de les obligacions legals a les quals el responsable està subjecte per la seva activitat.</p>

<p>b.- A tercers en tots aquells casos en què sigui necessari per al desenvolupament, compliment, execució i control del contracte entre el responsable i l&rsquo;interessat.</p>

<p>c.- Als encarregats de tractament, accés que en cap cas suposarà una cessió de dades, quan sigui necessari accedir a les seves dades personals per a la prestació dels serveis que el responsable hagi contractat amb aquests encarregats, i amb els quals té subscrits 1 contracte d&rsquo;encarregat de tractament.</p>

<p>8.- TRANSFERENCIES INTERNACIONALS</p>

<p>No estan previstes.</p>

<p>9.- MESURES DE SEGURETAT: Les mesures de seguretat implantades corresponen a les establertes en la política de seguretat, d&rsquo;acord el Reial Decret 3/2010, de 8 de gener, pel qual es regula l&rsquo;Esquema Nacional de Seguretat (ENS) en l&rsquo;àmbit de l&rsquo;Administració Electrònica</p>

<p>10.- TERMINI DE CONSERVACIÓ DE LES DADES</p>

<p>El responsable tractarà les dades personals únicament durant el temps necessari per a la realització de les finalitats per a les quals van ser recollits, mentre no es revoqui el consentiment. Un cop finalitzada la relació, es mantindrà la informació bloquejada pels terminis legalment establerts que siguin necessaris per a la formulació, l&rsquo;exercici o la defensa de possibles reclamacions i posteriorment es procedirà a la seva supressió, llevat que concorri una causa de conservació.</p>

<p>11.- DRETS: L&rsquo;interessat podrà exercitar els drets d&rsquo;accés, rectificació, supressió, a sol·licitar que es limiti el tractament de les seves dades personals, a oposar-se a el tractament, a sol·licitar la portabilitat, a no ser objecte de decisions individuals automatitzades i a revocar el consentiment prestat sense efectes retroactius, remetent una comunicació per escrit al domicili del responsable, aportant el DNI o document oficial acreditatiu de la identitat de l&rsquo;interessat i davant del Delegat de Protecció de dades personals <a href="mailto:dpd@aran.org">dpd@aran.org</a></p>

<p>Així mateix pot presentar una reclamació davant l&rsquo;Autoritat Catalana de Protecció de Dades a través de la seva seu electrònica a <a href="http://www.apd.cat/">www.apd.cat</a></p>

<p>CLAUSULA INFORMATIVA De conformitat amb el Reglament 2016/679 i la llei 3/2018, de protecció de dades personals i de garantia dels drets digitals el Conselh Generau d’Aran us informa com&#8230;</p>
